 423 and 36.
9
What is the highest common divisor of 4 and 292?
4
What is the greatest common divisor of 9826 and 17?
17
Calculate the highest common divisor of 174 and 1914.
174
What is the highest common divisor of 208 and 200?
8
What is the highest common divisor of 36 and 19332?
36
What is the highest common factor of 120 and 7960?
40
Calculate the greatest common factor of 60 and 2540.
20
What is the highest common divisor of 910 and 9282?
182
What is the greatest common factor of 79 and 158?
79
Calculate the highest common divisor of 93 and 12400.
31
Calculate the highest common factor of 136 and 14348.
68
What is the greatest common divisor of 1179 and 9?
9
What is the highest common divisor of 64 and 5696?
64
Calculate the highest common divisor of 68 and 357.
17
What is the highest common factor of 3775 and 302?
151
Calculate the highest common divisor of 15 and 155.
5
Calculate the highest common divisor of 2147 and 19.
19
What is the highest common factor of 1525 and 122?
61
Calculate the greatest common factor of 180 and 72.
36
What is the greatest common factor of 41 and 1189?
41
What is the greatest common factor of 29388 and 186?
186
Calculate the greatest common factor of 167 and 28.
1
What is the highest common divisor of 138 and 66?
6
What is the greatest common factor of 20 and 1580?
20
Calculate the highest common factor of 2032 and 80.
16
What is the highest common factor of 30 and 890?
10
What is the greatest common divisor of 32 and 12?
4
What is the highest common factor of 143 and 11583?
143
Calculate the greatest common factor of 377 and 29.
29
Calculate the highest common divisor of 4785 and 55.
55
Calculate the highest common factor of 159 and 371.
53
What is the greatest common divisor of 1224 and 120?
24
Calculate the highest common factor of 184 and 322.
46
Calculate the greatest common divisor of 4 and 54.
2
Calculate the greatest common divisor of 20923 and 427.
427
What is the greatest common factor of 3200 and 100?
100
Calculate the greatest common factor of 391 and 34.
17
What is the highest common factor of 1729 and 13?
13
Calculate the highest common factor of 10 and 7270.
10
Calculate the highest common factor of 48 and 784.
16
What is the greatest common factor of 14 and 34692?
14
What is the greatest common divisor of 8330 and 850?
170
Calculate the highest common factor of 1712 and 24.
8
Calculate the highest common factor of 988 and 304.
76
Calculate the greatest common divisor of 2744 and 8.
8
What is the highest common factor of 286 and 13?
13
Calculate the greatest common factor of 826 and 336.
14
Calculate the highest common factor of 10 and 2800.
10
What is the highest common factor of 26 and 117?
13
What is the highest common factor of 80 and 704?
16
What is the highest common factor of 40 and 540?
20
Calculate the highest common factor of 2 and 18.
2
Calculate the highest common divisor of 156 and 702.
78
What is the greatest common factor of 81 and 81?
81
What is the greatest common divisor of 240 and 512?
16
Calculate the highest common factor of 3718 and 26.
26
What is the highest common divisor of 78 and 1053?
39
What is the greatest common factor of 117 and 1599?
39
Calculate the highest common factor of 159 and 848.
53
Calculate the highest common factor of 7091 and 21.
7
What is the greatest common divisor of 627 and 1026?
57
What is the greatest common divisor of 15 and 4?
1
What is the highest common divisor of 92 and 10189?
23
Calculate the greatest common factor of 21 and 5649.
21
Calculate the highest common factor of 71 and 1917.
71
Calculate the greatest common divisor of 42 and 3.
3
Calculate the greatest common factor of 22 and 110.
22
Calculate the greatest common factor of 25584 and 2460.
492
Calculate the highest common divisor of 190 and 10.
10
What is the highest common factor of 627 and 1716?
33
What is the greatest common divisor of 1 and 1?
1
Calculate the greatest common divisor of 23 and 299.
23
Calculate the greatest common factor of 630 and 99.
9
Calculate the greatest common divisor of 37 and 925.
37
Calculate the greatest common divisor of 156 and 8448.
12
What is the greatest common divisor of 52 and 3?
1
Calculate the highest common factor of 94757 and 197.
197
Calculate the highest common factor of 4634 and 14.
14
Calculate the greatest common divisor of 1820 and 49.
7
Calculate the greatest common divisor of 16 and 56.
8
What is the greatest common factor of 20 and 160?
20
What is the greatest common divisor of 84 and 3836?
28
Calculate the greatest common factor of 83 and 2075.
83
What is the greatest common factor of 18 and 4?
2
Calculate the highest common factor of 34 and 476.
34
Calculate the highest common divisor of 17756 and 92.
92
Calculate the greatest common factor of 5994 and 74.
74
Calculate the highest common divisor of 36 and 92.
4
Calculate the greatest common factor of 330 and 40.
10
Calculate the highest common factor of 375 and 30.
15
What is the greatest common divisor of 4 and 316?
4
Calculate the greatest common divisor of 356 and 12.
4
What is the highest common divisor of 8 and 256?
8
Calculate the greatest common factor of 18 and 11439.
9
Calculate the highest common divisor of 16 and 56.
8
What is the highest common factor of 8 and 236?
4
Calculate the greatest common factor of 22 and 737.
11
What is the greatest common factor of 14 and 56?
14
Calculate the greatest common divisor of 17 and 1088.
17
What is the highest common factor of 72 and 200?
8
Calculate the highest common divisor of 2 and 31.
1
Calculate the greatest common factor of 391 and 102.
17
Calculate the greatest common divisor of 1878 and 6.
6
Calculate the greatest common factor of 3172 and 117.
13
Calculate the greatest common divisor of 150 and 84.
6
What is the greatest common divisor of 31 and 8339?
31
Calculate the greatest common factor of 112 and 7.
7
Calculate the highest common factor of 261 and 29.
29
Calculate the greatest common divisor of 42 and 903.
21
Calculate the greatest common factor of 2227 and 17.
17
Calculate the highest common factor of 1275 and 1425.
75
What is the highest common divisor of 13 and 27469?
13
Calculate the greatest common factor of 4 and 914.
2
What is the greatest common factor of 37 and 518?
37
What is the highest common factor of 14 and 175?
7
Calculate the highest common factor of 369 and 82.
41
What is the greatest common divisor of 891 and 88?
11
Calculate the greatest common factor of 80 and 355.
5
What is the greatest common divisor of 319 and 33?
11
What is the highest common factor of 27 and 56997?
27
What is the greatest common factor of 6272 and 728?
56
Calculate the greatest common factor of 20 and 20.
20
Calculate the greatest common divisor of 238 and 98.
14
What is the greatest common divisor of 54 and 40860?
18
Calculate the highest common divisor of 3887 and 13.
13
Calculate the greatest common factor of 280 and 24.
8
What is the greatest common divisor of 70 and 390?
10
What is the highest common divisor of 35800 and 5?
5
What is the greatest common factor of 978 and 102?
6
What is the highest common divisor of 2758 and 182?
14
Calculate the highest common divisor of 11256 and 12.
12
Calculate the greatest common divisor of 78 and 1248.
78
Calculate the greatest common divisor of 20 and 3670.
10
Calculate the highest common factor of 324 and 36.
36
What is the greatest common factor of 222 and 5106?
222
What is the highest common factor of 35985 and 15?
15
What is the greatest common divisor of 252 and 54?
18
Calculate the highest common factor of 107 and 1.
1
Calculate the highest common divisor of 144 and 846.
18
Calculate the highest common divisor of 7203 and 357.
21
Calculate the greatest common factor of 355 and 14981.
71
What is the greatest common divisor of 144 and 486?
18
What is the greatest common divisor of 30512 and 16?
16
What is the greatest common factor of 15515 and 290?
145
Calculate the greatest common divisor of 407 and 616.
11
What is the highest common divisor of 1 and 109?
1
Calculate the highest common divisor of 4761 and 45.
9
What is the greatest common divisor of 48 and 12228?
12
What is the greatest common divisor of 4375 and 630?
35
Calculate the highest common factor of 15 and